uppose -4*i - 6*c + 19 = -3*c, 0 = i - t*c + 14. Calculate the remainder when 131 is divided by (55/(-20))/(i - (-26)/(-24)).
32
Let t be (0 - 1)*1 + -1. Suppose 4*i + r - 58 + 14 = 0, -5*i + 3*r = -21. What is the remainder when t*1*-13*1 is divided by i?
8
Suppose 5*n + 5*c - 3640 - 3675 = 0, 2*n = c + 2908. Calculate the remainder when n is divided by 29.
7
Suppose -143786 = -60*x - 16406. Calculate the remainder when x is divided by 125.
123
Suppose 5*g = 3*o - 312, -56*g + 60*g = 2*o - 210. Suppose b - 1 - 9 = 0. Calculate the remainder when o is divided by b.
9
Suppose 16 + 72 = 2*c. Suppose 0 = -8*y + c + 20. Calculate the remainder when 27 is divided by y.
3
Suppose -211 + 603 = 16*y - 2*y. What is the remainder when 3246 is divided by y?
26
Let b be 177*12/(-9)*2. Let s = b - -475. What is the remainder when 17 is divided by s?
2
Let g(q) = 12*q - 48. Let i be g(4). Suppose 9*j - 8*j - 119 = i. What is the remainder when j is divided by 30?
29
Suppose 32 = 3*f - 1. Let t = f + -7. Calculate the remainder when ((-2)/2)/(39/(-858)) is divided by t.
2
Let k = 106 - 68. Suppose -2*v - 3*v + 1050 = 0. Suppose -4*x + 3*y + v = -406, 3*y = -x + 139. Calculate the remainder when x is divided by k.
37
Let b(n) = -n**3 + 3*n**2 + 3*n. Let o(p) = -95*p - 6454. Calculate the remainder when b(-3) is divided by o(-68).
3
Suppose -5*z - 332 + 82 = 0. Let u = 19 + -8. What is the remainder when (-10)/z - (-627)/15 is divided by u?
9
What is the remainder when 5993 is divided by 111/(8/36 + 35/45)?
110
Suppose -4*a = 5*y - 819, 2*a - 4*y = -7*y + 409. What is the remainder when a is divided by 70?
66
Let m be 1*5*12/30. Suppose -35 = -u - 23*x + 27*x, -m*x + 86 = 4*u. Calculate the remainder when u is divided by 8.
7
Suppose 0 = -2*o + u + 60, -20 = -o - 7*u + 5*u. Suppose o*d - 244 = 344. Calculate the remainder when 79 is divided by d.
16
Let m(j) = -3*j**2 - 88*j + 117. What is the remainder when 727 is divided by m(-29)?
143
Let t(r) = -2*r**2 + 7*r + 258. Suppose -11*j + 6*j = -110. Suppose 4 + 2 = 2*z, u = 2*z + j. Calculate the remainder when t(-7) is divided by u.
27
Suppose -v - 1 = -5, -3*f + 68 = 5*v. Suppose 21*s - f*s = 455. What is the remainder when 177 is divided by s?
86
Let s = 17 - 8. Let o(r) be the second derivative of r**4/12 - 4*r**3/3 - 5*r**2/2 + 23*r + 52. What is the remainder when 22 is divided by o(s)?
2
Let l(g) = -28*g + g**2 - 25*g + 41*g + 0*g**2 + 16. Calculate the remainder when l(18) is divided by 41.
1
Let h(z) = z**2 - z - 7. Let q(t) = 2*t**3 - 3*t**2 + 2*t - 3. Let w be q(2). Let d = -164303 + 164366. Calculate the remainder when d is divided by h(w).
11
Suppose -2*n + 5 = -3. Suppose -14 = -2*h + 4*z, n*z + 1 = -3. Suppose -2*m - 3*d - 45 = -3*m, 205 = h*m + 5*d. What is the remainder when m is divided by 11?
9
Let f be ((-2)/(-4))/((-1)/(-14)). Let a be (-31)/(-31)*(2 + -3). Let b = f - a. What is the remainder when 14 is divided by b?
6
Suppose -3*p = -40 + 1060. Let q = p + 386. What is the remainder when q is divided by 9?
1
Let c be 252574/8 + (39/(-12))/(-13). Suppose 0 = -57*u + 1146 + c. Calculate the remainder when u is divided by 12.
10
Suppose 33*i - 23250 - 22620 = 0. What is the remainder when i is divided by 48?
46
Suppose -7*v = 5*z - 12*v - 5, 0 = -2*z - v + 5. Suppose -138 + 578 = z*o. What is the remainder when o is divided by 57?
49
Let m(y) = y**3 + 20*y**2 + 19*y + 1. Let g be m(-19). Let z be 147/6 + g/(-2). Suppose h - 23 = z. Calculate the remainder when h is divided by 25.
22
Let i = -4726 - -5143. What is the remainder when i is divided by 156?
105
Calculate the remainder when 186*(-50)/(-60) - 3 is divided by 68.
16
Let b(u) = -21*u. Let i be (-5)/(-2)*(-25 + 27). Let v(k) = k**3 - k**2 + 6*k - 7. What is the remainder when v(i) is divided by b(-1)?
18
Suppose 2*w - 7*w + 31 = 16*j, 0 = 2*w - 5*j - 58. Calculate the remainder when 3569 is divided by w.
16
Let k(f) = 75*f - 26. Let s be k(3). Suppose 0 = 2*l - 2, 4*o + s = 9*o - l. Calculate the remainder when o is divided by 11.
7
Let q(m) = 9*m + 81. Calculate the remainder when q(56) is divided by 84.
81
Let l(n) = 843*n + 7261. Calculate the remainder when 523 is divided by l(-8).
6
Suppose 4*m + 0*i = -2*i + 1846, -1387 = -3*m - i. Let b(q) = 2548*q - 22919. Calculate the remainder when m is divided by b(9).
9
Let r be (-9 + 1)*(-11 - -10) - 5. What is the remainder when 158 is divided by 1*(-116)/r*618/(-412)?
42
Suppose 4*b - 576 = -4*l, -9*l = 4*b - 12*l - 611. Suppose 0 = -h + 7 + 8. Calculate the remainder when b is divided by h.
14
Let m(b) = -38*b - 6. Let p be m(-9). Let h = 2021 + -2021. Suppose 40*o - 36*o - p = h. What is the remainder when o is divided by 17?
16
Suppose 4*c + 257 = 737. Suppose 312 + c = 16*a. What is the remainder when 64 is divided by a?
10
Let u(z) = z**2 - 32*z - 121. What is the remainder when 241 is divided by u(-5)?
49
Let l(t) = -t**3 - 4*t**2 + 61*t + 307. Calculate the remainder when 3129 is divided by l(-5).
24
Suppose -5194*q + 5197*q = -4*m, 2*m + 36 = 3*q. Suppose 2*d - d - 12 = 5*i, -24 = -2*d - 3*i. Calculate the remainder when d is divided by q.
4
Let y = 657 + -408. Suppose 0*a = 5*f + a - y, 5*a + 155 = 3*f. Suppose 0 = 645*d - 596*d - 147. Calculate the remainder when f is divided by d.
2
Suppose -5*q = -3*o - 0*o - 215, o + 125 = 3*q. Suppose 2*p = 4*v - 510, -q = 3*v - 2*p - 422. Calculate the remainder when v is divided by 26.
24
Let c(i) = -2*i**2 - 24*i + 31. Let p(s) = -143*s + 2. Calculate the remainder when p(-3) is divided by c(-12).
28
Suppose 97*j = 101*j - 2*z - 684, 0 = -3*j - 3*z + 522. What is the remainder when 681 is divided by j?
165
Let z(b) = -b**3 - 7*b**2 - 7*b + 5. Let d be z(-6). Let t = 20 - d. Suppose -23529 = -59*c - 282*c. What is the remainder when c is divided by t?
6
Suppose -14241 = -3*m + 3*u, u = 6*m - 2*u - 28485. What is the remainder when m is divided by 18?
14
Let y = 1555 - 1529. What is the remainder when 201 is divided by y?
19
Suppose 2*q - 93 - 141 = 2*k, -254 = -2*q - 2*k. Calculate the remainder when 1328 is divided by q.
108
Suppose -2*q + 1300 = 2*y - 4*y, 3*y + 12 = 0. Let f = q - 618. Calculate the remainder when 107 is divided by f.
23
Suppose -r - 5*a + 25 = 0, r + a - 23 = -r. Let f be (40/12)/(4/150). Let u = f - 87. What is the remainder when u is divided by r?
8
Suppose -3*t = -2*a - 0*t + 38, 0 = 4*a - 5*t - 76. Let c = 20 - 16. Suppose 24 + 18 = 4*j - 2*y, 0 = c*y + 4. What is the remainder when a is divided by j?
9
Let b(h) = h**2 + 7*h + 429. Let r be b(0). Let j = 560 - r. Calculate the remainder when j is divided by 17.
12
Suppose 8943 = -5*g + 3*a, -g + 1792 = -2*g + 4*a. Let y be (((-3)/6)/(-1))/(6/g). Let k = y + 223. What is the remainder when k is divided by 15?
14
Suppose 11*x + 52*x - 41184 = -171*x. What is the remainder when x is divided by 11 + -2 + 2/2?
6
Calculate the remainder when (12/10)/(18 + -15) + (-658)/(-5) is divided by 60.
12
Suppose 4884 = 4*s + 2*h, -172*s + 170*s = -2*h - 2442. What is the remainder when s is divided by 35?
31
Let k be (-916)/10 - 3/45*6. Let h be 8/(4/3 - 2). What is the remainder when 43 is divided by -5 - -3*k/h?
7
Suppose -5*u - 3*v = -19, -20 = -4*u - v - 2. Suppose u*w = 24 - 4. Suppose 2*g + 70 = w*g. Calculate the remainder when 208 is divided by g.
33
Let l(k) = 130*k**2 - 10*k + 7. Let i be l(-3). Suppose -6*o - i + 1537 = 0. What is the remainder when 191 is divided by o?
26
Let l(t) = 1433*t**2 - 4*t. Let o be l(1). Suppose -5*c - 2*y = -1596, -4*c - 163 = -2*y - o. What is the remainder when c is divided by 29?
28
Suppose -263*g + 254*g = -63. Calculate the remainder when g is divided by (-4)/(-14) + (-35)/(-49).
0
Let b(l) = l**3 - 3*l**2 + 11*l - 107. Calculate the remainder when 522 is divided by b(6).
53
Calculate the remainder when ((-14)/(-21) - (-4112)/6)/1 is divided by 115.
111
Suppose -43*x - 29*x + 16*x + 135408 = 0. What is the remainder when x is divided by 110?
108
Let f be 4 - 1 - (6 - 6 - 60). Suppose -2*u - 4 = 2, -5*u - f = -3*z. What is the remainder when 29 is divided by z?
13
Suppose -2*v = -0*v - 60. Calculate the remainder when ((4158/(-84))/(-99))/((-2)/(-596)) is divided by v.
29
Let f be (-6)/24 + 34/8. Suppose -f*r - 37 = -h, 3*h + 41 = 